vative of g**4/4 + 5*g**3/6 - 622*g**2. Determine k(w).
29
Suppose -4 - 2 = 2*j, 20 = 5*x + 5*j. Let l(t) = 15*t**2 + t + 26. Let h(o) = -13*o**2 - 22. Let k(z) = 7*h(z) + 6*l(z). Give k(x).
-5
Suppose -4*i - 37 = 3*y, 0*i = -3*y - 3*i - 33. Let m(u) = -4*u - 11. What is m(y)?
17
Let r(o) be the third derivative of -21*o**5/20 - 6*o**3 - 54*o**2. Let b(z) = 9*z**2 + 5. Let x(c) = 36*b(c) + 5*r(c). Calculate x(1).
9
Let s(w) = 62*w + 2470. Let o be s(-40). Let y(q) = -q**3 - 16*q**2 - 62*q - 24. Give y(o).
-4
Let p = 36759 - 36763. Let v(z) = -2 + 2*z - 5*z + 0. What is v(p)?
10
Let b(u) = 8*u**2 + 14*u + 3. Let z = 7721 + -7723. Calculate b(z).
7
Let s(g) = 2*g**3 + 28*g**2 - 31*g - 12. Suppose -116*o + 114*o = 30. Let u be s(o). Let v(n) = -5*n + 7. Determine v(u).
-8
Let q(v) be the second derivative of -1/720*v**6 + 1/30*v**5 + 10/3*v**4 + 0*v**3 + 0 + 0*v**2 + 33*v. Let n(f) be the third derivative of q(f). Give n(3).
1
Let k = -4861 - -4830. Let d(v) = -v**3 - 30*v**2 + 34*v + 88. What is d(k)?
-5
Let b = -17778 - -17783. Let n = 2 + 1. Let v(h) = -5*h**2 + 0*h**3 + h + h**n + 0*h**2. Determine v(b).
5
Let p(u) = -7*u - 1. Let v(b) = b + 20. Let h be v(-17). Let a be 6/18 - (-1 + h/9). Let f be (-1)/(-2) + (6/4)/a. What is p(f)?
-15
Let a(c) be the first derivative of c**5/15 + c**3/6 + 35*c**2/2 - c + 105. Let r(p) be the second derivative of a(p). Determine r(1).
5
Let w(k) = -3*k + 27. Let x be w(8). Suppose 3*p - 3*p = -x*p. Let d(r) = r**2 - r + 1. Determine d(p).
1
Let g be 2*(-1)/4*2. Let d = 76 - 76. Let s(i) = 236*i**3 - 243*i**3 + d*i + i. Give s(g).
6
Let t(c) = -c**2 + 5*c + 10. Let o(v) = -4*v + 33. Let x be o(7). Suppose 4*q = -q - 20, -p = x*q + 13. What is t(p)?
-4
Let l(r) = r**3 - r**2 + r - 23. Let v be ((0/5)/(-1))/1. Determine l(v).
-23
Let z(m) = -6*m - 4*m + 7 + 12*m. Let i(q) = q - 8. Let x be i(10). Let r be x + 3 - (0 + -7 + 6). Determine z(r).
19
Suppose -5*x - 25 = -5*j, 0*j - 2*x + 14 = 4*j. Let a(u) = u + 2 + u - j - 3*u. Let i(k) = 1261*k**2 - 2520*k + 1. Let g be i(2). Determine a(g).
-7
Let m(l) be the first derivative of 145 + 1/2*l**2 + 0*l - l**3. What is m(-1)?
-4
Let s(m) = 2*m**3 - 2*m**2 + 4*m - 2. Suppose 0 = 4*o + 12 - 20. Suppose -2*n = -2*j - 8, -o = 4*n + j - 8. Calculate s(n).
14
Let r(k) = k**2 + 41*k - 90*k - 12 + 55*k. Give r(-5).
-17
Suppose 2*r - r = -1. Let d(k) be the first derivative of 0*k**3 + k - 59 + 3/4*k**4 + 0*k**2. Determine d(r).
-2
Suppose 0 = 3*y + 27 - 42. Let f(l) = -l**3 + l**2 + 22*l - 16. Let d be f(y). Let u(z) = -z**3 - 5*z**2 + 3*z - 3. Calculate u(d).
15
Suppose 16*x = 4*x + 108. Let l(w) = w**3 + 0*w + 2 + 11*w**2 - 16*w**2 - 4*w - x. Give l(6).
5
Let j(s) = -71*s + 38*s + 4 - 1 + 40*s. Let d(u) = 9*u + 3. Let w(g) = -2*d(g) + 3*j(g). Let b = -11 + 7. Determine w(b).
-9
Let g(i) = 3*i**3 - 18*i**2 - 32*i + 2. Let s(q) = 2*q**3 + 4*q**2 - 5*q - 1. Let f(b) = -g(b) + s(b). What is f(23)?
89
Let s(i) be the first derivative of i**3/3 - 18*i + 54. Let f(c) = c**2 + 8*c + 7. Let u be f(-7). Give s(u).
-18
Let w(m) = 2*m**3 - 37*m**2 - 17*m - 34. Suppose -289 = -27*a - 39*a + 965. Calculate w(a).
4
Let c(h) be the third derivative of h**5/20 - 19*h**4/6 + 38*h**3/3 - 42*h**2 - 59*h. Calculate c(1).
3
Let f(h) = -11*h**2 - 15*h + 17. Let y(p) = -20*p**2 - 25*p + 34. Let o(r) = 11*f(r) - 6*y(r). Give o(-15).
-17
Suppose -1752 = -57*z - 21 - 21. Let k(r) = -r**2 + 27*r + 78. Give k(z).
-12
Let y(b) = -7*b**2 - 5*b**2 + 4 + 13*b**2 - 4*b. Let k(a) = -2*a**2 + 21*a - 46. Let l be k(7). Calculate y(l).
1
Let n be (-13)/((-6)/72*3*-4). Let z(v) = -13*v - v**2 + 12 + 0*v**2 + v**2 - v**2. Determine z(n).
12
Let z(j) = j**3 + 36*j**2 + 2*j + 61. Let m be z(-36). Let p be 56/m - 32/(-352). Let s(g) = -g**3 - 4*g**2 + 6*g - 3. Determine s(p).
-8
Let u be (-41)/(-5) - (-4)/5. Let b(d) = 2*d - 2. Let t be b(3). Suppose -u*h - 6 = -4*h - g, -5*h = g + t. Let c(k) = -10*k**3 + k**2 - 1. What is c(h)?
10
Let q(a) be the second derivative of a**5/60 - 13*a**4/24 - 124*a**3/3 + 15*a + 2. Let h(m) be the second derivative of q(m). Calculate h(10).
7
Let y(x) = 23*x - 432. Let a(k) = -25*k + 432. Let g(p) = 6*a(p) + 7*y(p). Calculate g(39).
-3
Let x = -23 + 29. Suppose -o - 4*s - x = 0, -s - 4*s + 3 = -4*o. Let r(v) = -2*v**3 - 2*v**2 + 2*v + 3. What is r(o)?
7
Let x(q) = 5*q**2 - 8*q + 9. Suppose 4*f - 10 = -3*l - 22, 8*l - 38 = f. Determine x(l).
57
Let x(b) = b + 1. Let w(o) = -2*o - 3. Suppose 11*q - 6 = 8*q. Let g(v) = q*w(v) + 3*x(v). Calculate g(-11).
8
Let g(q) = 19*q + 10. Let k(w) = -9*w - 5. Let d(s) = -6*g(s) - 13*k(s). Suppose -3*z - 42 - 126 = 21*z. Give d(z).
-16
Let m(u) = -3*u + 18. Let h(o) = -64*o - 15. Let l be h(-1). Suppose l - 1 = 6*w. Calculate m(w).
-6
Let a(f) = f**3 + 5*f**2 + 2*f - 1. Let l(d) = 4*d**3 + 6*d - 6. Let p be l(1). Suppose 5*q - p*q = -k + 1, k = 5. Determine a(q).
7
Let l(i) be the second derivative of 5 + 3*i + 2*i**2 + 1/3*i**3. What is l(-3)?
-2
Let s(c) = c**3 + 15*c**2 + 7*c + 384. Let h be s(-16). Let a(u) = -5*u - 9. Let k(f) = f + 2. Let g(l) = 2*a(l) + 9*k(l). Give g(h).
-16
Let c(y) = 4*y**3 - 5*y**2 - y + 0*y**3 + 0*y**3 - 5*y**3 - 3. Let r be c(-5). Let g(a) = 12*a + a**r + 3 - 17*a - 4. Calculate g(5).
-1
Let a(d) = d**3 + 21*d**2 + 24*d + 71. Let s be a(-19). Let k = s - 333. Let i(j) = j**3 - 2*j**2 - 2*j + 2. Calculate i(k).
26
Let j(d) = 2*d**3 + 10*d**2 - 11*d + 9. Let f(s) = -s**3 - 4*s**2 + 5*s - 4. Let m = 128 + -131. Let g(o) = m*j(o) - 7*f(o). What is g(3)?
4
Suppose -3*d + 6 + 6 = 0. Let n(i) = -4*i + 5*i - d - 3*i + 0*i. Let z be ((-25)/(-75))/((-1)/18). Give n(z).
8
Let s(a) = -a**2 + 32*a - 240. Let n be s(13). Let l(h) = -h**2 + h + 37. Calculate l(n).
-5
Let i(j) = j**2 - 13*j + 16. Suppose 3*o + 2 = 4*o - 2*y, 80 = 5*o + 4*y. Determine i(o).
4
Let u = -15 + 10. Let b(q) be the second derivative of q**5/60 + 7*q**4/24 + q**3/2 + 14*q**2 - 21*q. Let k(h) be the first derivative of b(h). Determine k(u).
-7
Let j(l) = -12*l + 9. Suppose 3*f - 6*c + 8*c + 25 = 0, 0 = 5*f - 5*c. Give j(f).
69
Let k(u) = -67*u - 396. Let h be 22 + -8 + -11 + -1*9. What is k(h)?
6
Let r(m) = -6*m - 106. Let s = 21369 - 21369. What is r(s)?
-106
Suppose -3*u + 7 = -2. Let y(v) = -3 - v - u - 3 + 4. Let w be (-3 - 6/12)*2. Calculate y(w).
2
Let r(z) be the second derivative of z**4/12 + 2*z**3/3 + 3*z**2 + z. Let t(p) = p**2 + 6*p - 3. Let v be t(-8). Suppose -2*d - v = -5. Give r(d).
6
Suppose -5*c = -4*f + 60, c - f = -4*c - 45. Let u(y) = y**2 + 9*y + 8. Calculate u(c).
0
Let j(u) be the first derivative of -u**3/3 - 3*u**2/2 - 8*u - 289. Calculate j(-4).
-12
Suppose 327 = -3*q + 12. Let l = q - -101. Let d(x) = x**2 + 2*x. Give d(l).
8
Let a(b) = -6*b + 2. Let t(s) = 3*s + 5. Let m(c) = 2*c + 3. Let v(k) = 5*m(k) - 3*t(k). Let l(i) = -a(i) - 4*v(i). Give l(6).
10
Let s = -125 + 193. Let u = s + -57. Let z(w) = -7*w**3 - 13*w**2 - w. Let k(p) = -13*p**3 - 25*p**2 - 3*p. Let c(l) = u*z(l) - 6*k(l). Give c(-6).
-6
Let n(j) = 10007 + 3*j**2 - 10008 + 7*j + 7*j**2 - 8*j**3 + 8*j**3 + j**3. Let b(g) = g**3 + 2*g**2. Let f be b(-3). Calculate n(f).
17
Let v(u) = u + 7. Suppose -2*t - 3*a + 0 - 23 = 0, -2*t = 2*a + 16. Determine v(t).
6
Let q(l) = -3*l - 4. Let t(o) be the second derivative of 19*o**4/12 - o**3/6 + 11*o. Let b be t(1). Let i = -24 + b. Determine q(i).
14
Let k(h) = -h**2 - 5*h - 3. Suppose 1 = -3*p + b + 77, 2 = -2*b. Let a be 12*((-42)/(-8) - (-1 - -7 - 2)). Suppose -a = 10*w + p. Give k(w).
1
Let k(m) be the third derivative of m**5/60 - 5*m**4/24 - m**3/3 + 6*m**2. Suppose 0 = 3*g - 2*b - 13, 11*g - 12*g = 3*b - 8. What is k(g)?
-2
Let m(f) be the third derivative of -f**5/30 + f**4/6 + f**3 - 1939*f**2. Determine m(4).
-10
Let p(t) = -7*t**3 + t**2 + 2*t + 1. Let u be p(-1). Let o = 3 + 0. Let w(b) = -u + 101*b + 4*b**2 - 95*b - 5*b**3 + 4*b**o. Give w(5).
-2
Suppose x - 187 = -185. Let k(n) = -n**2 + 17*n - 31. Let y(s) = -s + 3. Let b(m) = x*y(m) + k(m). Give b(13).
1
Let b(f) = f**3 + 5*f**2 + 18*f + 33. Let a be b(-3). Let r(n) = 2*n - 2. Let c be r(2). Let v(l) = l**2 + 4*l**2 - c - 2*l**2 - 4*l**2 + l. What is v(a)?
-14
Let h(g) be the first derivative of -g**4/4 - 8*g**3/3 - 3*g**2 + 4*g + 1948. Suppose 3*v - 1 = 17. 